late the greatest common factor of 110985 and 300.
15
What is the greatest common factor of 7412 and 1088?
68
Calculate the highest common divisor of 39198 and 19458.
282
What is the greatest common divisor of 60 and 20652?
12
Calculate the greatest common divisor of 296 and 566248.
296
What is the highest common factor of 2581032 and 3096?
1032
Calculate the highest common factor of 161890 and 1010.
10
What is the highest common factor of 13846 and 2401?
7
What is the greatest common factor of 102074 and 5706?
634
What is the greatest common factor of 25 and 2435?
5
What is the greatest common divisor of 2686734 and 18?
18
Calculate the highest common factor of 524 and 3364.
4
What is the highest common factor of 1640 and 24026?
82
Calculate the greatest common factor of 49152 and 1920.
384
Calculate the greatest common factor of 158669 and 266.
133
What is the greatest common factor of 3290 and 258930?
70
Calculate the greatest common divisor of 13402443 and 17.
17
What is the greatest common factor of 6497965 and 295?
295
Calculate the highest common divisor of 129 and 35647.
43
What is the highest common divisor of 292 and 111106?
146
Calculate the greatest common divisor of 130962 and 156.
78
Calculate the highest common divisor of 21643 and 23.
23
Calculate the highest common factor of 6320838 and 102.
102
What is the greatest common factor of 13431 and 333?
111
Calculate the highest common factor of 49140 and 39.
39
What is the highest common divisor of 27 and 13086?
9
Calculate the greatest common factor of 46 and 248768.
46
What is the greatest common factor of 968 and 102366?
242
What is the highest common factor of 3888520 and 40?
40
Calculate the highest common divisor of 742 and 40439.
371
What is the greatest common divisor of 120 and 32610?
30
Calculate the highest common divisor of 196 and 149597.
49
Calculate the greatest common factor of 199 and 13715279.
199
Calculate the greatest common divisor of 2912 and 49112.
56
Calculate the greatest common factor of 219 and 17496.
3
What is the greatest common factor of 26 and 1486?
2
Calculate the greatest common divisor of 15 and 456810.
15
What is the highest common divisor of 210 and 1344?
42
Calculate the greatest common factor of 54692 and 847.
121
Calculate the greatest common factor of 2246850 and 225.
225
Calculate the highest common divisor of 182727 and 4503.
237
Calculate the greatest common factor of 1308 and 1968.
12
Calculate the greatest common divisor of 775552 and 1162.
166
Calculate the highest common divisor of 1273 and 21907.
19
What is the highest common divisor of 1103934 and 78?
78
What is the greatest common divisor of 200 and 483620?
20
What is the highest common factor of 801 and 24264?
9
What is the greatest common divisor of 1 and 1197836?
1
What is the greatest common divisor of 8685 and 265761?
1737
What is the greatest common divisor of 160906 and 256327?
1871
Calculate the greatest common factor of 842297 and 149.
149
Calculate the highest common divisor of 142908 and 12.
12
What is the highest common divisor of 13112 and 147212?
596
What is the greatest common divisor of 118777 and 1066?
41
What is the greatest common factor of 7744 and 664?
8
Calculate the highest common factor of 24 and 325440.
24
What is the highest common factor of 22715 and 616?
77
Calculate the highest common factor of 4645 and 677241.
929
What is the highest common divisor of 1344 and 97728?
192
What is the greatest common factor of 304 and 2832368?
304
Calculate the highest common divisor of 2048 and 832.
64
What is the highest common divisor of 2239737 and 61?
61
What is the highest common divisor of 19920 and 270?
30
Calculate the greatest common factor of 3729 and 45991.
1243
What is the highest common factor of 4156913 and 37?
37
What is the greatest common factor of 134747 and 127?
127
What is the greatest common divisor of 1550929 and 167?
167
Calculate the highest common factor of 6623 and 3938.
179
Calculate the highest common divisor of 20950 and 800.
50
What is the greatest common divisor of 3861 and 195?
39
Calculate the highest common factor of 16779 and 7497.
357
Calculate the highest common factor of 1045041 and 20553.
1581
Calculate the highest common factor of 10812 and 64236.
636
What is the highest common factor of 209 and 396?
11
Calculate the highest common factor of 147665 and 805.
35
What is the highest common factor of 2278513 and 141?
47
What is the highest common divisor of 980 and 2632?
28
Calculate the highest common factor of 1206471 and 219.
219
What is the greatest common divisor of 241859 and 17425?
697
What is the highest common divisor of 94 and 136441?
47
What is the highest common factor of 21 and 34321?
7
Calculate the greatest common divisor of 21576 and 8584.
232
What is the greatest common factor of 280 and 2135?
35
What is the greatest common factor of 2244 and 9911?
187
What is the highest common factor of 114906 and 66?
66
Calculate the highest common factor of 86 and 450038.
86
Calculate the highest common factor of 34 and 113611.
17
Calculate the highest common factor of 20430 and 711.
9
Calculate the greatest common factor of 247104 and 1053.
351
What is the greatest common divisor of 87 and 83607?
87
Calculate the highest common divisor of 447680 and 320.
320
What is the highest common factor of 50653 and 12913?
37
What is the highest common divisor of 14 and 264971?
7
What is the greatest common factor of 16321 and 280034?
859
Calculate the greatest common factor of 272718 and 327.
327
Calculate the greatest common factor of 8385 and 91.
13
What is the highest common factor of 55557 and 9?
9
What is the greatest common divisor of 732 and 1920?
12
What is the highest common factor of 4752 and 96?
48
What is the greatest common factor of 24 and 1431?
3
What is the highest common factor of 4280 and 3560?
40
What is the highest common divisor of 18064 and 1712?
16
Calculate the greatest common factor of 4387 and 43656.
107
What is the greatest common divisor of 539 and 1813?
49
What is the greatest common factor of 13035 and 2145?
165
Calculate the highest common factor of 556840 and 240.
40
Calculate the greatest common divisor of 256 and 884864.
128
Calculate the greatest common divisor of 1648 and 1030.
206
Calculate the highest common divisor of 11196 and 108.
36
What is the highest common factor of 708 and 51448?
236
Calculate the highest common factor of 24 and 61068.
12
What is the greatest common divisor of 32000 and 17152?
256
Calculate the greatest common factor of 53957 and 8453.
79
What is the greatest common divisor of 46 and 37042?
2
Calculate the highest common divisor of 9 and 1304487.
9
What is the highest common factor of 62 and 45074?
62
What is the highest common divisor of 255 and 245?
5
What is the highest common factor of 138570 and 80?
10
What is the greatest common factor of 45851 and 26?
13
What is the greatest common factor of 1372 and 838?
2
Calculate the greatest common factor of 310056 and 132.
12
Calculate the greatest common divisor of 2026 and 30.
2
Calculate the highest common divisor of 9114 and 2562.
42
What is the highest common divisor of 727095 and 120?
15
What is the greatest common factor of 161959 and 476?
119
Calculate the highest common factor of 15228 and 82080.
108
What is the highest common factor of 24224 and 1097650?
1514
What is the highest common factor of 554301 and 66?
33
What is the highest common factor of 7373 and 33128?
101
Calculate the highest common divisor of 456 and 5172.
12
What is the greatest common divisor of 197823 and 1269?
141
What is the highest common factor of 1113 and 7833?
21
What is the highest common factor of 5580 and 2235720?
1860
What is the highest common divisor of 4408 and 55651?
551
Calculate the highest common divisor of 4796 and 10028.
436
What is the greatest common factor of 97313 and 1311?
23
What is the greatest common divisor of 456488 and 8?
8
Calculate the highest common divisor of 29250 and 36.
18
What is the highest common divisor of 338 and 4178?
2
What is the highest common factor of 1625 and 1664?
13
Calculate the greatest common divisor of 2075086 and 52.
26
Calculate the greatest common factor of 615242 and 7358.
566
Calculate the g